t a prime number?
False
Let l be 8/(-12)*24 + 5. Let c(n) = -3*n**3 - 13*n**2 + 5*n - 24. Let f be c(l). Suppose -f = -2*w + 3*y + 35, -10 = -5*y. Is w prime?
False
Let k(j) = -j - 6. Let x be k(-7). Let z be x/(1 - (-156)/159 - 2). Let p = z - -102. Is p composite?
True
Let o(z) be the second derivative of z**8/6720 - z**6/120 - z**5/20 - 13*z**4/12 - 12*z. Let q(l) be the third derivative of o(l). Is q(9) a composite number?
True
Let d(g) be the second derivative of 2035*g**4/12 - g**3/2 + g**2/2 - g - 147. Is d(1) a prime number?
False
Let h = -1351860 - -2354909. Is h a composite number?
False
Let j(y) be the third derivative of 0 + y**2 + 1/24*y**4 - 1/3*y**3 + 26/3*y**5 + 0*y. Is j(1) a prime number?
False
Let i be (-2)/(50/(-15)) + (-17)/(-5). Suppose 4*j - i*a + 90678 = -a, -3*a = 3*j + 67998. Is -2*2/12 + j/(-18) a composite number?
False
Suppose 4*n = 2*n + 98. Let v be 14/n - (-19)/7. Suppose 6*s = v*s + 3093. Is s prime?
True
Let y = 288933 - 100672. Is y composite?
False
Let m = 293 + -512. Let u(s) = -s**3 + 14*s**2 - 5*s - 14. Let r be u(9). Let b = m + r. Is b composite?
False
Suppose 3*r = 5*k + 91116, -22 = 3*k - 13. Is r prime?
True
Let f(t) be the second derivative of 7*t**3/2 + 1517*t**2/2 - 36*t - 3. Is f(0) prime?
False
Let t(x) = -55*x**2 + 32*x - 47. Let k(o) = 18*o**2 - 11*o + 16. Let u(s) = -s**2 - s + 3. Let h be u(-5). Let d(f) = h*k(f) - 6*t(f). Is d(3) prime?
True
Let u(c) = 3*c**2 + 20*c + 8. Let d be u(-7). Suppose -d*t + 10*t = 2*y - 10843, 2*y = 3*t + 10867. Is y a prime number?
False
Suppose -4*a - 3*g - 1201 = 0, -19*a + 5*g = -24*a - 1500. Let h = 610 - a. Is h composite?
False
Let f = 63 - 73. Let l(p) be the second derivative of p**5/20 + 7*p**4/6 + 7*p**3/2 - 3*p**2/2 + 14*p. Is l(f) a composite number?
True
Let q be ((-8)/(-6))/(12/(-44550)). Let w = q - -6941. Is w prime?
False
Let v = 284 + -281. Is (v/(-3))/(10/(-14710)) a prime number?
True
Let y(p) = 46*p**3 - 8*p**2 + 47*p - 26. Is y(7) a composite number?
True
Let p(x) = 989*x**2 + 20*x - 110. Is p(13) prime?
False
Let c(s) = s**3 + 16*s**2 - 23*s - 25. Let m be (5/3)/((0 - -3)/9). Let l be -3*((-340)/(-12))/m. Is c(l) prime?
False
Let h = 6326 - -24645. Is h a composite number?
False
Let k be (((-65)/4)/13)/(2/(-8)). Suppose -5*j - 8*f + 129319 = -4*f, -k*j + 129331 = f. Is j composite?
False
Let u(z) = z**3 - 26*z**2 - 31*z - 39. Let q be 10/15*348/8. Is u(q) a prime number?
False
Let r(w) = -13*w - 75. Let u be r(-6). Suppose 0 = -u*p - 6, -382 - 4070 = -4*a - 4*p. Is a a prime number?
False
Suppose 0 = 3*a + 11244 - 41862. Suppose 7*p - a = -238. Suppose -2*f + 5*j = -p, 1641 = 4*f - 5*j - 1197. Is f a composite number?
True
Let a(i) = -55*i - 13. Suppose 4*y + 82 = -2*h, 3*h = 5*y + 33 + 64. Is a(y) a composite number?
False
Suppose -93*u = 2*f - 97*u - 35238, -2*f + 3*u + 35237 = 0. Is f composite?
True
Let a = -52873 - -85265. Suppose 7*u = -u + a. Is u a composite number?
False
Let o(c) = 7*c**2 - 9*c - 953. Let p(i) = 11*i**2 - 14*i - 1429. Let y(v) = -8*o(v) + 5*p(v). Let u be 2 - 1/2*(2 + 2). Is y(u) a prime number?
True
Let v = 2068 - 4704. Let q be 6/4*100/75. Is q/((-32)/v)*20 prime?
False
Suppose 4*w + 236 = 92. Is ((-12)/w)/(2/20058) prime?
True
Let q = 4639 - 321. Is (-3)/15*-5 + q composite?
True
Let i = 13309 + -7196. Is i prime?
True
Let u = 100108 - 68245. Let d = u - 3004. Is d prime?
True
Let w(l) = 242434*l + 2315. Is w(6) prime?
True
Let a(p) = -6*p - 12 - 4*p + 22. Let x be a(0). Suppose 2*i - 636 = -x*i. Is i a prime number?
True
Suppose -2 = a, -q + 11*a + 139385 = 10*a. Suppose 2*v - 11*v = -q. Is v a composite number?
True
Is (-34807)/(-18 - 2758/(-154)) prime?
False
Let h = 100 + 201. Suppose 292*o + 177921 = h*o. Is o a composite number?
True
Suppose -2*p - 12 = -4*t, 10*p - 9*p + 14 = 4*t. Suppose -p*f = m - 4203, 6*m - f = 3*m + 12602. Is m a prime number?
True
Let z = -68 - -69. Suppose -3*n - f + 3 + z = 0, 5*f = 20. Suppose 4*h = -3*x + 14, n = -2*x - 4*h - 0*h + 12. Is x prime?
True
Let h be 608/(-144) - (-2)/9. Let g be ((-1)/1 + h)*68. Let z = g - -809. Is z a prime number?
False
Let t be (-154)/6 - (-40)/60. Let s = t + 30. Let y(r) = 4*r**2 - 8*r + 9. Is y(s) a prime number?
False
Let o(f) = 56*f**2 - f + 29. Is o(-26) a composite number?
True
Let r be 4 + (-5 - -6) + -5. Suppose -5*l - 40 = -7*b + 2*b, r = 5*b + 5*l. Let s(j) = 188*j**2 - 3*j + 3. Is s(b) prime?
True
Is (23 + -17 + (-374)/2)*-251 composite?
True
Let c = -36 + 35. Let k be ((-14)/(-6))/(c/(-3)). Let w = k - -62. Is w composite?
True
Let x(v) = 167*v - 2472. Is x(43) prime?
False
Let y(m) = m**3 + 5*m**2 + 3*m + 13. Let l be y(-5). Let h be 3603 - l/4*2. Suppose 534 = -2*c + h. Is c prime?
False
Let u = 15358 + 1380433. Is u a composite number?
False
Suppose 13*z - 523073 - 228925 = -214903. Is z composite?
True
Suppose 2*s - 350793 = 12*p - 17*p, -4*p - 5*s = -280648. Is p a composite number?
False
Let y(a) = 14621*a**2 - 39*a - 21. Is y(-2) composite?
True
Let v(x) = 104*x**2 + 84*x + 909. Is v(-29) prime?
False
Let n be (32 - 25) + 1*-4. Suppose n*c - 6*c + 7667 = 2*i, 5*i - 19230 = 5*c. Is i a prime number?
False
Let n(b) = -b**2 - 7*b + 3380. Let f be n(0). Suppose 1925 = 5*u - f. Is u a composite number?
False
Let t be 10/(-35) + (-2)/(-7). Suppose t = 36*y - 37*y + 45. Let s = y - 19. Is s a prime number?
False
Suppose -3*n + 257*m = 256*m - 4028487, -5*n + 3*m = -6714145. Is n composite?
False
Let s be (-81)/54 + 6/4. Suppose -5*w + 1870 = -2*o + 7*o, -4*o - 5*w = -1493. Suppose 5*t + a + s*a = 1885, t - 2*a - o = 0. Is t prime?
False
Let h be (-17)/(-6) + ((-61)/(-6) - 10). Suppose -2*b + b + 2*d = -404, 0 = 5*b - 3*d - 2041. Suppose 497 = j - h*g - b, -4*j + 3*g = -3664. Is j prime?
True
Let b = -54 - -54. Suppose 2*d - 3*p - 4994 = b, -3*p + 274 - 12768 = -5*d. Suppose -4*n - 152 = -d. Is n composite?
False
Let z(u) = -673*u - 170. Suppose -12*g = 107 + 265. Is z(g) a composite number?
False
Is 88/8 - -4 - 11 - (-877070 + 1) prime?
True
Suppose 5*z + 2*u - 43786 = 80171, u = -3*z + 74375. Is z prime?
True
Is (2 + 3861655/76)*4/3 prime?
True
Suppose 70*w + 3*u = 67*w + 7428, 7433 = 3*w - 2*u. Is w a composite number?
False
Suppose -z + 4 - 8 = 0, 2*k = -3*z + 54. Is 9030 - (k/(-22) - 10/(-4)) composite?
False
Let p = -397 + 555. Suppose 14*g + p = 43348. Is g prime?
False
Is (15/45)/((-8)/(-18941304)) prime?
True
Let z(d) be the third derivative of d**7/420 + 13*d**6/720 + 13*d**5/120 + d**4/12 + 5*d**2. Let x(c) be the second derivative of z(c). Is x(-8) composite?
False
Suppose 0 = -80*c + 148*c - 4045796. Is c a composite number?
False
Is (-1)/(-11) + (-31)/(1023/(-233604)) a composite number?
False
Let t be 30/36 - 1083545/(-30). Suppose -13*w = 6*w - t. Is w a composite number?
False
Let y be -3 + 3*71024/12. Let q = y + -10127. Let l = q + -2531. Is l composite?
True
Let s be 10 - (6 - 5)/(-2 + 3). Suppose -31*w = -s*w - 83446. Is w composite?
False
Suppose -3*c + 4*w + 1693799 = 0, 46942 = c + w - 517646. Is c prime?
True
Let d = -2042 + -1631. Is 2 + d/(-4) + (-10)/8 composite?
False
Let v be ((1 - -1) + -2)*(-1)/3. Is (v + -51449)/(-29 + 28) prime?
True
Let u(x) be the second derivative of -x**6/360 - 7*x**5/40 + 7*x**4/3 + 12*x. Let v(s) be the third derivative of u(s). Is v(-21) a composite number?
True
Let f = -242878 - -353847. Is f prime?
True
Let q = -4358 + 16585. Is q composite?
False
Let m(o) = 3184*o**2 + 3. Let g be m(4). Suppose -5*n + 18*n = g. Is n prime?
True
Let r(m) = -1352*m + 81. Is r(-13) composite?
False
Let a(s) = 2*s**3 + 293*s**2 + 852*s - 308. Is a(-141) composite?
False
Let u be 16/(-72)*3*-519. Is (u/4)/(50/3700) composite?
True
Let r(f) = -f**3 + 8*f**2 + 2*f - 9. Let q be r(8). Let k(a) = 89*a + 8. Is k(q) a composite number?
False
Let p(w) = 2311*w**2 + 3*w + 5. Let f be p(-1). Let r = 5378 - f. Is r a prime number?
False
Suppose -21*r + 15986 = -19*r. Is r a prime number?
True
Let u = 125324 - 6297. Is u prime?
True
Let c be 1 - -8*(-3)/(-6). Suppose -2 = j - c. Suppose -j*b + 5*b = 370. Is b a composite number?
True
Suppose 0 = 5*s - 398 + 148. Is (-26304)/(-5) - (-10)/s composite?
False
Let o be (-4 + 1)/(108/(-8388)). Let v = o + 5690. Is v a composite number?
False
Is 176907 + 6 +